. What is the units digit of j?
4
Let n(h) = -h**2 + 58. Suppose -6*k = -12*k. What is the units digit of n(k)?
8
Let v = 4943 + 319. What is the thousands digit of v?
5
Let k = -3 - -5. Suppose k*x - 18 = 46. Suppose 3*c - 7*c + x = 0. What is the units digit of c?
8
Suppose -q + 2*s = -1698, 2*q + 12*s - 7*s - 3441 = 0. What is the thousands digit of q?
1
Suppose 135 - 23 = -w. What is the units digit of 3*1/(-2)*w/6?
8
Let a(n) be the third derivative of -n**6/120 - n**5/60 - n**4/8 - 5*n**3/6 - 4*n**2. Let q be a(-2). Let r = q - 2. What is the units digit of r?
3
Let q(o) = 2*o - 7. Let t(w) = w - 3. Let u(m) = 2*q(m) - 5*t(m). Let l be u(-3). Let v = 22 - l. What is the units digit of v?
8
What is the units digit of 11458/85 + 11/5 + -2?
5
Suppose -4*g + i - 7 = 54, 0 = -4*g + 3*i - 71. Let u be 783/(-63) - (-8)/g. Let v(c) = -c**3 - 14*c**2 - 13*c + 13. What is the units digit of v(u)?
3
Let d be 713/(-6) - (3 + (-34)/12). Let n = -27 - d. What is the tens digit of n?
9
Let f(v) = 28*v - 242. What is the tens digit of f(18)?
6
Suppose -2*v = -6*v + 36. Suppose v*z - 3*z = 792. What is the units digit of z?
2
Let r(g) = -84*g - 83. What is the tens digit of r(-4)?
5
Let r(m) = -42*m**3 + 12*m**2 + 5*m + 2. What is the units digit of r(-3)?
9
Let s(r) = -4*r**2 - 2 + 20*r**2 - 8*r**2 - r - 4*r**2. Let t(w) = 33*w**2 - 9*w - 17. Let u(y) = 51*s(y) - 6*t(y). What is the units digit of u(-2)?
8
Suppose -2*r - p + 864 = -92, -2*p = 4. What is the hundreds digit of r?
4
Let c(n) = -n**3 - 5*n**2 - n - 2. Let l be c(-5). Suppose 4*m + 69 = l*x, 0*x - x = -m - 23. What is the tens digit of x + (-8)/(-4) - 2?
2
Let d(v) = v**2 - v. Let w be d(2). Suppose -w*f - 2*f + 188 = 0. What is the units digit of f?
7
What is the thousands digit of 8 - 20*297/(-2)?
2
Let v(d) = d**2 - d - 10. Let n be v(8). Suppose 2*o = n - 2. Let u = o - 8. What is the tens digit of u?
1
Suppose 5*s - 2 - 13 = 0. Let q = 89 + -87. Suppose -s*p + 54 = -q*p. What is the tens digit of p?
5
Suppose 3*w = -w + 28. Let m(r) = -10*r - r**3 + 2*r - 2*r**2 + 0*r**3 - w*r**2 + 5. What is the units digit of m(-8)?
5
Suppose -5487 - 3993 = -5*t + 5*g, 2*g - 9452 = -5*t. What is the tens digit of (-2)/10 - t/(-10)?
8
What is the tens digit of (1477/28)/(3/12)?
1
Let u(m) = -78*m - 6. Let q be u(-4). Suppose 4*g + 2*g - q = 0. What is the units digit of g?
1
Let k = 73 + -15. Suppose -k = -2*x + 32. What is the units digit of x?
5
Let y(v) = 133*v**2. Let r be y(-1). Suppose -r - 475 = 4*k. What is the tens digit of (-1)/(((-12)/k)/(-3))?
3
Let p = -2216 + 6206. What is the units digit of p?
0
What is the tens digit of ((-1458)/(-72))/((-3)/(-4))?
2
Let v(h) = h**3 - 6*h**2 + 120*h. What is the tens digit of v(12)?
0
What is the units digit of (-10 + 4)/((-6)/112)?
2
Suppose -5*z - 10*u + 6131 = -8*u, 2*z + 3*u = 2448. What is the hundreds digit of z?
2
Let y(s) = -s**3 - 2*s**2 + s. Let t be y(-3). Suppose -t*v + v + 8 = -p, 4*p - 2*v = 22. Let w = p + 4. What is the tens digit of w?
1
Suppose 315 = -0*g + 5*g + 2*z, 189 = 3*g + 3*z. Let v = 114 - g. What is the tens digit of v?
5
What is the hundreds digit of (-225)/45 + 163*5?
8
Let j(k) = 112*k**2 + 4*k - 2. What is the units digit of j(2)?
4
Let w = 11 + 8. Let j = w + 5. Suppose -6*d = -0*d - j. What is the units digit of d?
4
Suppose -2*a + 1016 = -0*a. Let o = a + -313. What is the units digit of o?
5
Let l(h) = -h + 0*h - 3 - 4*h + 2*h. Let y be l(10). What is the units digit of (-143)/y + (-1)/3?
4
Suppose -43 = -2*f - 3*z, 0 - 63 = -3*f - 5*z. Suppose -q - 19 = f. Let m = q - -73. What is the units digit of m?
8
Let d(a) = 99*a**3 - 2*a**2 + 5*a - 7. What is the hundreds digit of d(2)?
7
Suppose -11 = -6*u - 623. Let n = 135 + u. What is the units digit of n?
3
Let p(h) = 72*h**2 + 13*h + 31. What is the tens digit of p(-3)?
4
Let r be (2/(-4))/((-25)/10 - -2). Let y = -3 + 5. Suppose 0 = a - y*a + r. What is the units digit of a?
1
What is the hundreds digit of 393264/336 + 4/7?
1
Let d(n) = 262*n + 480. What is the thousands digit of d(10)?
3
Suppose 4*j = -0*s + 5*s - 17262, 0 = 3*s + 5*j - 10372. What is the thousands digit of s?
3
Let g(k) = -313*k - 73. What is the units digit of g(-4)?
9
Suppose -7*w - 12051 = -16*w. What is the tens digit of w?
3
Suppose 2*b + 214 = 5*f + b, -4*f - b + 164 = 0. Suppose -3*t + f = 3*w, 8*t - 3*t - w = 46. What is the tens digit of t?
1
Let y = -769 - -1266. What is the tens digit of y?
9
Suppose -873 = -t + 4*t. What is the units digit of (0 + (-12)/18)*t/2?
7
Let a(u) = 2*u**2 - 3*u**2 + 36 + 4*u**3 - 5*u**3 + 4. What is the tens digit of a(0)?
4
Suppose 2*c - 1124 = -m + 7*c, 0 = -5*m + 4*c + 5662. What is the thousands digit of m?
1
Let y(j) = -j**3 + 13*j**2 - 15*j + 3. Let m be y(11). What is the tens digit of (-5)/(m/(-28))*8?
1
Suppose -2*s = 3*s - 60. Let l = -14 + s. What is the units digit of 2/(-2*l/48)?
4
Let l be -2 + 1 - (-1 - 0). Suppose l*g - 2*g = -188. Suppose 5*r - g = 81. What is the units digit of r?
5
Suppose k - 5 + 2 = 0. Suppose 0 = -k*l + 8*l - 25. Suppose -4*f = -l*f + 4. What is the units digit of f?
4
Let l be ((-99)/11)/9 - (-51)/(-3). Suppose 4*c + 10 = -30. Let p = c - l. What is the units digit of p?
8
Suppose -4*l - 2*o = 1206, -o - 591 = 5*l + 915. Let s = -23 - l. What is the tens digit of s?
7
Let p(m) = -3*m**2 - m + 325. What is the units digit of p(0)?
5
Suppose 0 = -8*g - 5 + 29. Suppose -g*a + 4*a = 72. What is the tens digit of a?
7
Suppose 0 = 9*u - 10*u + 245. What is the hundreds digit of u?
2
Suppose -5 = 5*j - 6*n + n, 2*j + n = 1. Let i(p) = -p**3 - p + 33. Let q be i(j). Suppose 0 = -4*l + q - 1. What is the units digit of l?
8
Suppose -2411 - 1249 = -20*f. What is the tens digit of f?
8
Suppose 8*m = 8472 - 312. What is the tens digit of m?
2
Let v(d) = 9*d**2 + 4*d - 117. What is the tens digit of v(14)?
0
Let n(f) be the first derivative of -f**2 + 12*f - 4. Let u(l) = 5*l - 25. Let q(h) = 7*n(h) + 3*u(h). What is the units digit of q(5)?
4
Let y = 101 - 103. What is the hundreds digit of (-32)/(y + (-14)/(-8))?
1
Let g = 463 + 334. What is the hundreds digit of g?
7
Suppose 0 = -4*r - 5*y + 3906, 0 = 2*r - 5*y - 2681 + 713. What is the tens digit of r?
7
Let i be 0/(4/8*-4). Suppose i = -0*y + 4*y. Suppose -4*j + 121 + 59 = y. What is the tens digit of j?
4
Let n be (-7)/(-14) + 463/(-2). Let m = n + 403. What is the hundreds digit of m?
1
Suppose 3*c - 1425 - 942 = 0. What is the hundreds digit of c?
7
Let c = -172 - -327. What is the tens digit of c?
5
Suppose -56*t + 3*c - 1742 = -61*t, -1746 = -5*t - 4*c. What is the tens digit of t?
4
Suppose -17*p - 4 = -18*p. Suppose 4*s - 1008 = -8*y + p*y, 2*y + 4*s = 500. What is the hundreds digit of y?
2
Let g = 3452 + -2311. What is the tens digit of g?
4
Let r be 393/(-2) - (7/2)/7. Let p = r - -481. What is the hundreds digit of p?
2
Suppose -3*r + 2296 = 5*t, 0 = -11*r + 10*r - 3*t + 760. What is the hundreds digit of r?
7
Suppose -59*p = -62*p + 1785. What is the hundreds digit of p?
5
Suppose 0 = x + x - 8. Let u = x - -12. What is the units digit of (-4)/u - 218/(-8)?
7
Let y be -3 - (4 - 2) - -552. Let j = y - 366. What is the units digit of j?
1
Suppose 6 = -3*z + 5*c - 1, 5*z - 9 = -2*c. Let l be z + -2 - -2 - -1. What is the units digit of (-9)/(-3) - 0/l?
3
Suppose -5 = o - 4*i + 7, -2*o - 3*i - 2 = 0. Let h = 19 + o. Suppose -2*t - 3*t = -h. What is the units digit of t?
3
What is the units digit of 4776 - -2 - (107 - 116)?
7
Suppose 3*x - 12 - 21 = -4*i, -3*i - 24 = -x. Let f be (12/x)/(5/50). What is the units digit of -8 + f + 1*32?
2
Suppose -5*d = -3*m + 12, -3*d - 3*m + m = -8. Let y(h) = h + 15. Let a be y(d). Let o = a - 6. What is the units digit of o?
9
Let u = -29 - -266. Suppose 660 = 5*s - 5*o, -u = 3*s + o - 653. What is the tens digit of s?
3
Let c(m) = -6*m - 4. Let a(d) = 9 + 2 + 0 - 6 + 5*d. Let x(l) = 2*a(l) + 3*c(l). What is the units digit of x(-6)?
6
Let d be (-87)/(-4) - 4/(-16). Let p be (d/(-6))/((-4)/48). Suppose 6*m - 46 = p. What is the tens digit of m?
1
Suppose 6*d = 10*d - 4*u - 76, -u + 47 = 2*d. What is the units digit of d?
2
Suppose -3*b = -4*y + 1460, -3*y = -6*b + 3*b - 1092. Suppose -8*f + y - 16 = 0. What is the units digit of f?
